ose i*r - 14 = -5*g, 2*r + 16 = -2*r. List the prime factors of g.
2, 3
Let v be 150/(-35) - 4/(-14). What are the prime factors of (v - -29) + (-1)/(-1)?
2, 13
Let u be ((-1 - -1)/1)/(-3). Suppose u = -2*o + 6*o - 288. Suppose 3*a - o = -5*f, 0 = -2*a + 6*a - 2*f - 70. List the prime factors of a.
19
Let a = 1 + 117. List the prime factors of a.
2, 59
Let d(n) = 5*n + 42. What are the prime factors of d(10)?
2, 23
Let i(d) = 2*d - 6. Let z be i(5). Let n = -2 + z. List the prime factors of n/((12/15)/4).
2, 5
Let o(d) = -d**2 - d - 2. Let h be o(4). Let m = h - -52. Let t = m + -11. List the prime factors of t.
19
Let z = 30 - -13. List the prime factors of z.
43
Suppose 4*i + 14 = -2. List the prime factors of (-70)/(-8) + 3/i.
2
Let t(a) = 31*a - 37. What are the prime factors of t(13)?
2, 3, 61
Let k be (1 + -3 + 2)/(-1). Suppose 8 = 4*q - k. Suppose -2*b + 8 = q*b. What are the prime factors of b?
2
Let p = -242 - -344. List the prime factors of p.
2, 3, 17
Suppose -4*m + 209 = -n + 19, -4*m + 186 = -3*n. List the prime factors of m.
2, 3
Let u(q) be the second derivative of 0*q**2 - 3*q + 1/6*q**3 + 0 + 17/12*q**4. What are the prime factors of u(1)?
2, 3
Let i be 217/28 + 2/8. Suppose -2*n + 44 + i = 0. List the prime factors of n.
2, 13
Let i be 24/16 + 6/4. What are the prime factors of 9/(i/(-2) + 3)?
2, 3
Let t(i) = i**3 + 7*i**2 - 11*i - 9. What are the prime factors of t(-8)?
3, 5
Suppose 4*m = -3*j + 70, -2*j = -5*m - 74 - 11. Suppose -k - 36 = -3*k. Let r = j - k. List the prime factors of r.
2, 3
Suppose -d = 3*d - 32. Let l = 13 - d. Suppose -l*z = -3*z - 6. What are the prime factors of z?
3
Suppose -20 = -5*v + 5*p, -5*v - 5*p - 30 = -0*p. Let h = 0 + v. Let o = h - -8. What are the prime factors of o?
7
Suppose 2*b + 18 - 262 = 0. What are the prime factors of b?
2, 61
Let c(n) = 2*n**2 + n + 5. Let q(m) = 2*m**2 + m + 6. Let r(o) = 5*c(o) - 4*q(o). List the prime factors of r(2).
11
Suppose 0 = 2*p - 0*p + 5*h + 25, -3*p - 46 = -h. Let s be 2*(-1)/6*p. Suppose -q - 80 = -s*x, 5*q - q - 3 = x. List the prime factors of x.
17
Suppose 241 = 4*w + 69. Let f = w - 23. What are the prime factors of f?
2, 5
Let f = 18 + 119. What are the prime factors of f?
137
Let j = -26 - -106. Suppose 2*d - 7*d + j = 0. Suppose 8 = 4*c + 4*h - h, d = 4*c + h. What are the prime factors of c?
5
Suppose 3*c + 2*w = 201, -16 - 251 = -4*c - 3*w. List the prime factors of c.
3, 23
Suppose h + 164 = 5*h. What are the prime factors of h?
41
Let z = 14 - -9. Let v = z - 11. List the prime factors of (v - (-1 + 0)) + -2.
11
Let u be 1 + 6/(-3) + 1. Let g(q) = -3 - 1 + u*q + 3*q - 1. What are the prime factors of g(6)?
13
Suppose -4*w - 245 = -3*n + 1070, 3*n - 1295 = -w. List the prime factors of n.
433
Let l = -40 - -80. List the prime factors of l.
2, 5
Let v(c) = -c**2 + 5*c. Let p(a) be the second derivative of a**5/5 - a**4/12 + a**3/3 - a**2/2 + 2*a. Let j be p(1). List the prime factors of v(j).
2
Let g = 72 + -35. Suppose 0 = r - 5*f + 21, r + 2*r + 5*f = g. Suppose -r*q + 1 = 2*w - 3*w, 0 = 4*w + q - 13. List the prime factors of w.
3
Suppose 366 = 3*l - 2*g - 0*g, 5*g + 233 = 2*l. What are the prime factors of l?
2, 31
Let m be (-2)/4*(8 + -4). Let p(s) = 2*s**2 + 3*s + 1. Let d be p(m). What are the prime factors of 2/(-6)*d*-7?
7
Let g(j) = -3*j**2 - 3*j. Let c be g(-3). Let t = c - -26. What are the prime factors of t?
2
Let u(s) = -s - 5. Let m be u(-9). Suppose 40 = m*a + a. Suppose 2*f = -2*b - f + 18, -2*f + a = 0. List the prime factors of b.
3
Let n = 29 + 49. List the prime factors of n.
2, 3, 13
Let z be ((-30)/(-25))/(4/10). Suppose z*r + 10 = 5*r. Suppose -15 = -r*n + 20. What are the prime factors of n?
7
Let f(a) = 2*a - 3. Let p be f(3). Suppose -p*t + 16 - 2 = -2*s, -2*t + 2*s = -8. List the prime factors of t.
2, 3
Let c be (2/2)/1*-3. Let z(l) = -l + 1. List the prime factors of z(c).
2
Suppose -5*m = -4*m - 2. What are the prime factors of 98/7*3/m?
3, 7
Suppose -6*q - 8 = -5*q. Let l(f) = f**2 + 6*f - 1. List the prime factors of l(q).
3, 5
Suppose 31 = 3*x - 14. Let o(f) = -f**3 - 4*f**2 - 2*f + 3. Let c be o(-3). Suppose -g - t = -10, 4*g + t - 49 + x = c. What are the prime factors of g?
2
Suppose 8 = 3*x + 2*t, 2*t = 6*t - 16. Let h = 4 - x. Suppose -h*a + 2*q + 44 = 0, -4*q + 38 = 2*a - q. List the prime factors of a.
13
Suppose -5*k - 4 = -o, k + 19 - 3 = 4*o. Suppose k = a - 20 + 2. Suppose 4*h - a = 2*h. What are the prime factors of h?
3
Let q(j) be the second derivative of j**4/6 - 2*j**3/3 - j**2 - j. Let p be q(5). Suppose -4*b - 2*m = -b - 28, b - p = 4*m. What are the prime factors of b?
2, 3
Let x(c) = 22*c**2 - 8*c - 1. List the prime factors of x(4).
11, 29
Let q(z) = z**2 - 9*z - 1. Let f be q(9). Let d(w) = 3*w**3 - 2*w - 1. Let j be d(f). Let g = j + 9. List the prime factors of g.
7
Let z(x) = 3*x**2 - 3*x + 2. List the prime factors of z(4).
2, 19
Let u be 6/(-10)*(-17 - -2). Suppose -s = -0 - u. List the prime factors of s.
3
Let c(m) be the second derivative of -m**3/6 + m**2 + 3*m. What are the prime factors of c(-3)?
5
Let o(m) = 13*m**3 - 27*m**2 - 37*m + 7. Let r(c) = 7*c**3 - 14*c**2 - 19*c + 3. Let i(p) = -6*o(p) + 11*r(p). List the prime factors of i(9).
3
Suppose 5*z + 5*v - 225 = 0, -z + 28 = 5*v - 9. List the prime factors of z.
47
Let w = -13 + 30. Let r = w + 23. What are the prime factors of r?
2, 5
Suppose 0 = -f - 3*t + 99, 0*t - 2*t - 424 = -4*f. What are the prime factors of f?
3, 5, 7
Let o(h) = -h**3 - 18*h**2 - 21*h - 14. List the prime factors of o(-17).
2, 3
Let w = -57 + 87. What are the prime factors of w?
2, 3, 5
Let y be 2/3 - (-10)/3. Suppose 0 = r - y*r + 63. What are the prime factors of r?
3, 7
Suppose -2*u + u + 9 = 0. Suppose 4*z - 49 + u = 0. List the prime factors of z.
2, 5
Let b(k) = k**2 + 3*k + 1. Suppose 4*u = -4*l + u + 31, -13 = 3*l - 5*u. Let t be b(l). Let s = t - 18. List the prime factors of s.
11
Let r = -9 - -5. Let n be (-3 - r)*(-1 + 0). What are the prime factors of 2/((2 + n)/5)?
2, 5
Suppose 0 = 6*x - 49 - 503. List the prime factors of x.
2, 23
Suppose -2*y + 0*y + 36 = 0. Suppose -y - 7 = 5*h. Let z(c) = -4*c - 4. List the prime factors of z(h).
2
Suppose 0 = -5*u + 40 - 10. Let i = u - 1. Suppose i*m - 3 - 12 = 0. List the prime factors of m.
3
Let g = 4 + -7. Let b be (g/2)/((-1)/2). Suppose -b*d + 5*d - m = 6, -2*d + 6 = 3*m. What are the prime factors of d?
3
Suppose 4*l - 4*f - 17 = -f, 11 = 3*l - 4*f. Let s(d) = d**2 - 1 + 4*d**2 - 4*d**2 - 4*d. What are the prime factors of s(l)?
2
Let d(i) = 7*i**2 + 8*i + 3. Let x(m) = -6*m**2 - 7*m - 2. Let r(f) = -4*d(f) - 5*x(f). List the prime factors of r(-3).
7
Let i(f) = f + 2. Let s be i(0). Suppose -s*b = 3*b. Suppose b*q + q = 9. List the prime factors of q.
3
Suppose y - 2*w - 27 = 2*w, -5*w = 3*y + 4. What are the prime factors of 2/y - (-2565)/63?
41
Suppose 7*r = 4*r + 123. Suppose r = 3*i - 49. Suppose 2*t - 2*z = 2 + 28, -4*z = -t + i. What are the prime factors of t?
2, 5
Let j(t) = -t**3 + 3*t**2 + 6*t - 3. Suppose -3*g = -3 - 21. Suppose 3*n + 5*f = -g + 25, 17 = 5*n - 3*f. What are the prime factors of j(n)?
5
Let b(r) = 2*r**2 - 4*r + 6. What are the prime factors of b(7)?
2, 19
What are the prime factors of (2/(-10) + 1)/((-38)/(-2945))?
2, 31
Suppose -q - j + 4 = 0, 4*q - 2*q - 9 = -j. Suppose -4*z + 60 = 3*c, -65 = 2*c - 7*c + q*z. What are the prime factors of c?
2
Let l = 0 - -3. Suppose 3*b + 86 = l*u - b, -122 = -5*u - 4*b. List the prime factors of u.
2, 13
Let w = -19 - -28. What are the prime factors of w?
3
Suppose -z = -3*z. Suppose 5*x = -2*f + 16, -5*f = -z*f - 5*x - 75. What are the prime factors of f?
13
Suppose 15 = r - x + 3, 24 = 2*r + 4*x. Let l(q) = 0 + q - r*q - 1. List the prime factors of l(-1).
2, 5
Suppose 11*m = -0*m + 220. List the prime factors of m.
2, 5
Let x = 13 + -7. Let i(h) = 0 - 1 + h - x*h. List the prime factors of i(-1).
2
List the prime factors of (0 - (-347)/5) + 16/(-40).
3, 23
Let n(l) = l**3 - 7*l**2 + 7*l. Let p be n(6). Let b = p + -4. Suppose -b*k = -4*m + 38, -3*k + k = 5*m - 25. What are the prime factors of m?
7
Suppose 0*r = 2*c - r - 92, -4*c + 182 = -3*r. List the prime factors of c.
47
Let c(g) = 5*g**3 + 11*g**2 + 5*g + 7